 the greatest common divisor of 338216 and 33232?
536
What is the highest common divisor of 7159032 and 504?
72
What is the greatest common divisor of 3980 and 1076500?
20
What is the highest common factor of 947615 and 1380?
5
What is the highest common divisor of 1975 and 11254735?
395
Calculate the greatest common factor of 14568949 and 272.
17
Calculate the greatest common factor of 1152 and 26547804.
36
What is the greatest common divisor of 3250 and 8802625?
1625
Calculate the greatest common divisor of 218 and 271192.
218
Calculate the greatest common factor of 198 and 3627360.
198
What is the greatest common divisor of 3438 and 140165732?
382
Calculate the greatest common factor of 87089 and 9563.
73
What is the highest common divisor of 36619412 and 236?
236
Calculate the highest common factor of 2 and 50391322.
2
What is the highest common factor of 27443280 and 64?
16
What is the highest common factor of 59345741 and 1274?
91
What is the highest common factor of 244640 and 91040?
160
Calculate the greatest common factor of 2382 and 35083287.
1191
What is the highest common factor of 2258435 and 3040?
95
Calculate the highest common factor of 820 and 683675.
205
Calculate the highest common factor of 226695 and 40075.
35
What is the greatest common factor of 29308 and 25556?
4
Calculate the highest common divisor of 63294 and 9289.
7
What is the highest common factor of 14299 and 22436?
79
What is the greatest common factor of 272052 and 10989?
297
What is the greatest common factor of 28540 and 727?
1
Calculate the highest common divisor of 41656 and 386835.
41
Calculate the greatest common factor of 7080 and 588870.
30
Calculate the highest common factor of 21102 and 195355282.
7034
What is the highest common factor of 1104 and 2375624?
184
Calculate the highest common divisor of 3315 and 4420689.
39
Calculate the highest common divisor of 1198 and 1321993.
599
Calculate the highest common factor of 455 and 1522115.
35
What is the highest common divisor of 418701 and 219253?
233
What is the highest common divisor of 245 and 177245?
5
Calculate the greatest common factor of 66159776 and 16928.
736
Calculate the greatest common factor of 869 and 17629403.
869
What is the greatest common divisor of 1194 and 414202182?
1194
What is the greatest common divisor of 103130435 and 15?
5
What is the highest common factor of 14458 and 626732613?
7229
What is the greatest common factor of 51322 and 86899?
67
Calculate the highest common divisor of 943775 and 7.
7
Calculate the greatest common divisor of 6530110 and 290.
10
Calculate the highest common factor of 138 and 435397866.
138
Calculate the highest common factor of 72125343 and 153.
9
Calculate the greatest common divisor of 2412 and 252324.
36
What is the highest common factor of 12561002 and 145?
29
What is the greatest common factor of 9277 and 2615510995?
9277
Calculate the greatest common divisor of 558350 and 11050.
650
Calculate the highest common factor of 81599472 and 13617.
801
Calculate the greatest common divisor of 1065 and 1146153.
213
What is the highest common divisor of 116431899 and 1002?
501
What is the highest common factor of 11059929 and 222?
111
Calculate the highest common factor of 25095 and 84.
21
Calculate the highest common factor of 15583795 and 9797.
101
What is the highest common divisor of 132335 and 3230?
95
Calculate the greatest common divisor of 35717 and 2607532.
191
What is the greatest common factor of 780 and 2602671?
3
What is the highest common factor of 9 and 176407551?
9
What is the highest common divisor of 682 and 71638985?
341
Calculate the highest common divisor of 949852 and 1660.
332
Calculate the greatest common divisor of 2054400054 and 9894.
9894
What is the greatest common factor of 336 and 7749?
21
Calculate the highest common divisor of 1792 and 19745152.
896
Calculate the highest common factor of 36208 and 589475.
73
Calculate the highest common divisor of 58 and 1500346.
2
Calculate the greatest common divisor of 983297 and 23681.
119
Calculate the greatest common divisor of 2036849920 and 8960.
8960
Calculate the highest common divisor of 25124110 and 111.
37
Calculate the greatest common factor of 7005966 and 186027.
3153
What is the greatest common divisor of 325556 and 847714?
2114
What is the greatest common factor of 1842838723 and 22?
11
Calculate the highest common factor of 876980 and 20360.
20
Calculate the greatest common factor of 7101803 and 25742.
61
What is the greatest common factor of 288 and 829962?
18
What is the greatest common factor of 67228 and 3234?
98
What is the greatest common factor of 1360 and 2963168?
272
Calculate the greatest common divisor of 297 and 19990179.
297
What is the greatest common factor of 1885 and 16010900?
145
Calculate the highest common factor of 1422 and 6613959.
237
What is the greatest common divisor of 6441930 and 31590?
2430
What is the highest common factor of 2061912 and 4028?
212
Calculate the highest common factor of 572 and 496028.
52
What is the highest common divisor of 34744662 and 18?
18
What is the greatest common factor of 1048 and 5168212?
524
What is the greatest common divisor of 18473772 and 2648?
1324
Calculate the highest common factor of 4522860 and 4860.
180
What is the highest common factor of 220660 and 36380?
340
Calculate the greatest common factor of 183 and 4405969.
61
What is the highest common divisor of 19393 and 293150?
451
Calculate the highest common factor of 182417516 and 838.
838
What is the greatest common factor of 16307030 and 5650?
1130
What is the greatest common factor of 120 and 3145256?
8
Calculate the highest common factor of 15548 and 1840.
92
Calculate the greatest common divisor of 104 and 1179449960.
104
What is the highest common factor of 245898880 and 1552?
1552
Calculate the greatest common divisor of 257015367 and 714.
357
Calculate the greatest common divisor of 1282701 and 2703.
51
What is the highest common factor of 90304 and 35632?
272
Calculate the highest common factor of 1815718 and 95254.
982
What is the greatest common divisor of 160 and 14357080?
40
What is the greatest common factor of 702250 and 414725?
1325
Calculate the greatest common divisor of 24233 and 1674280.
2203
Calculate the highest common divisor of 448414 and 469383.
1613
What is the greatest common factor of 7 and 207467645?
7
What is the highest common factor of 2071875 and 124185?
255
What is the greatest common divisor of 39 and 41291484?
39
Calculate the highest common factor of 1448 and 5460589.
181
What is the highest common divisor of 2096943 and 1804917?
1227
What is the highest common divisor of 803279 and 20554?
239
Calculate the highest common divisor of 5037 and 3973974.
219
What is the highest common factor of 141616 and 94976?
848
Calculate the greatest common factor of 10335 and 22240125.
795
Calculate the greatest common factor of 9615996 and 104.
52
Calculate the highest common factor of 30312 and 55236.
12
Calculate the greatest common divisor of 192970 and 13150.
10
What is the highest common factor of 524568 and 1704?
24
Calculate the highest common divisor of 49507908 and 1608.
804
What is the highest common divisor of 503 and 8062587?
503
What is the highest common divisor of 57568 and 3682?
14
Calculate the greatest common factor of 7280 and 23197265.
455
Calculate the highest common factor of 74040 and 4075285.
3085
What is the greatest common factor of 3070769208 and 52?
52
What is the highest common factor of 378 and 7874685?
189
Calculate the greatest common divisor of 3336 and 3818469.
417
Calculate the greatest common factor of 62907942 and 67140.
2238
Calculate the highest common divisor of 1876210 and 24500.
490
What is the highest common factor of 332126497 and 2313?
257
Calculate the highest common divisor of 333 and 884943.
9
Calculate the highest common divisor of 333153 and 736227.
4113
What is the greatest common divisor of 809096 and 5016?
152
Calculate the highest common factor of 25092318 and 18.
6
What is the greatest common divisor of 16405582 and 718?
718
Calculate the highest common divisor of 54 and 43192746.
18
What is the highest common factor of 4899 and 147343957?
1633
What is the greatest common